{"id":601,"date":"2020-08-08T15:31:05","date_gmt":"2020-08-08T13:31:05","guid":{"rendered":"http:\/\/localhost:8888\/neo\/pour-le-public\/le-projet\/mobilite\/"},"modified":"2024-05-16T08:28:15","modified_gmt":"2024-05-16T06:28:15","slug":"mobiliteit","status":"publish","type":"page","link":"https:\/\/neobrussels.com\/nl\/toegang-groot-publiek\/het-project\/mobiliteit\/","title":{"rendered":"Mobiliteit"},"content":{"rendered":"\r\n<p>De buurt is nu al goed aangesloten op het openbaar vervoer (een metrolijn, 3 tramlijnen van de MIVB en meerdere buslijnen van de MIVB en De Lijn), het wegennet (A12 en Ring) en de luchthaven. NEO zal de toegankelijkheid nog verder verbeteren. De werken aan de verbindingsweg tussen Parking C en de voorzijde van de paleizen van Brussels Expo zijn in 2019 begonnen en vorderen goed. Binnenin de nieuwe wijk zal zachte mobiliteit alle ruimte krijgen.<\/p>\r\n","protected":false},"excerpt":{"rendered":"<p>De buurt is nu al goed aangesloten op het openbaar vervoer (een metrolijn, 3 tramlijnen van de MIVB en meerdere buslijnen van de MIVB en&#8230; <a class=\"more\" href=\"https:\/\/neobrussels.com\/nl\/toegang-groot-publiek\/het-project\/mobiliteit\/\">Doorgaan<\/a><\/p>\n","protected":false},"author":1,"featured_media":0,"parent":594,"menu_order":2,"comment_status":"closed","ping_status":"closed","template":"page-map.php","meta":{"_acf_changed":false,"footnotes":""},"class_list":["post-601","page","type-page","status-publish","hentry"],"acf":[],"yoast_head":"<!-- This site is optimized with the Yoast SEO plugin v24.2 - https:\/\/yoast.com\/wordpress\/plugins\/seo\/ -->\n<title>Mobiliteit - NEO<\/title>\n<meta name=\"robots\" content=\"index, follow, max-snippet:-1, max-image-preview:large, max-video-preview:-1\" \/>\n<link rel=\"canonical\" href=\"https:\/\/neobrussels.com\/nl\/toegang-groot-publiek\/het-project\/mobiliteit\/\" \/>\n<meta property=\"og:locale\" content=\"nl_NL\" \/>\n<meta property=\"og:type\" content=\"article\" \/>\n<meta property=\"og:title\" content=\"Mobiliteit - NEO\" \/>\n<meta property=\"og:description\" content=\"De buurt is nu al goed aangesloten op het openbaar vervoer (een metrolijn, 3 tramlijnen van de MIVB en meerdere buslijnen van de MIVB en... Doorgaan\" \/>\n<meta property=\"og:url\" content=\"https:\/\/neobrussels.com\/nl\/toegang-groot-publiek\/het-project\/mobiliteit\/\" \/>\n<meta property=\"og:site_name\" content=\"NEO\" \/>\n<meta property=\"article:modified_time\" content=\"2024-05-16T06:28:15+00:00\" \/>\n<meta name=\"twitter:card\" content=\"summary_large_image\" \/>\n<script type=\"application\/ld+json\" class=\"yoast-schema-graph\">{\"@context\":\"https:\/\/schema.org\",\"@graph\":[{\"@type\":\"WebPage\",\"@id\":\"https:\/\/neobrussels.com\/nl\/toegang-groot-publiek\/het-project\/mobiliteit\/\",\"url\":\"https:\/\/neobrussels.com\/nl\/toegang-groot-publiek\/het-project\/mobiliteit\/\",\"name\":\"Mobiliteit - NEO\",\"isPartOf\":{\"@id\":\"https:\/\/neobrussels.com\/nl\/#website\"},\"datePublished\":\"2020-08-08T13:31:05+00:00\",\"dateModified\":\"2024-05-16T06:28:15+00:00\",\"breadcrumb\":{\"@id\":\"https:\/\/neobrussels.com\/nl\/toegang-groot-publiek\/het-project\/mobiliteit\/#breadcrumb\"},\"inLanguage\":\"nl-NL\",\"potentialAction\":[{\"@type\":\"ReadAction\",\"target\":[\"https:\/\/neobrussels.com\/nl\/toegang-groot-publiek\/het-project\/mobiliteit\/\"]}]},{\"@type\":\"BreadcrumbList\",\"@id\":\"https:\/\/neobrussels.com\/nl\/toegang-groot-publiek\/het-project\/mobiliteit\/#breadcrumb\",\"itemListElement\":[{\"@type\":\"ListItem\",\"position\":1,\"name\":\"Accueil\",\"item\":\"https:\/\/neobrussels.com\/nl\/\"},{\"@type\":\"ListItem\",\"position\":2,\"name\":\"Toegang groot publiek\",\"item\":\"https:\/\/neobrussels.com\/nl\/pour-le-public\/\"},{\"@type\":\"ListItem\",\"position\":3,\"name\":\"Het project\",\"item\":\"https:\/\/neobrussels.com\/nl\/pour-le-public\/le-projet\/\"},{\"@type\":\"ListItem\",\"position\":4,\"name\":\"Mobiliteit\"}]},{\"@type\":\"WebSite\",\"@id\":\"https:\/\/neobrussels.com\/nl\/#website\",\"url\":\"https:\/\/neobrussels.com\/nl\/\",\"name\":\"NEO Brussels\",\"description\":\"D\u00e9veloppement et r\u00e9am\u00e9nagement du plateau du Heysel. Une nouvelle ambition pour Bruxelles.\",\"publisher\":{\"@id\":\"https:\/\/neobrussels.com\/nl\/#organization\"},\"potentialAction\":[{\"@type\":\"SearchAction\",\"target\":{\"@type\":\"EntryPoint\",\"urlTemplate\":\"https:\/\/neobrussels.com\/nl\/?s={search_term_string}\"},\"query-input\":{\"@type\":\"PropertyValueSpecification\",\"valueRequired\":true,\"valueName\":\"search_term_string\"}}],\"inLanguage\":\"nl-NL\"},{\"@type\":\"Organization\",\"@id\":\"https:\/\/neobrussels.com\/nl\/#organization\",\"name\":\"NEO\",\"url\":\"https:\/\/neobrussels.com\/nl\/\",\"logo\":{\"@type\":\"ImageObject\",\"inLanguage\":\"nl-NL\",\"@id\":\"https:\/\/neobrussels.com\/nl\/#\/schema\/logo\/image\/\",\"url\":\"https:\/\/neobrussels.com\/wp-content\/uploads\/2025\/01\/Sans-titre-2.png\",\"contentUrl\":\"https:\/\/neobrussels.com\/wp-content\/uploads\/2025\/01\/Sans-titre-2.png\",\"width\":186,\"height\":228,\"caption\":\"NEO\"},\"image\":{\"@id\":\"https:\/\/neobrussels.com\/nl\/#\/schema\/logo\/image\/\"},\"sameAs\":[\"https:\/\/www.linkedin.com\/company\/103968427\/admin\/dashboard\/\"]}]}<\/script>\n<!-- \/ Yoast SEO plugin. -->","yoast_head_json":{"title":"Mobiliteit - NEO","robots":{"index":"index","follow":"follow","max-snippet":"max-snippet:-1","max-image-preview":"max-image-preview:large","max-video-preview":"max-video-preview:-1"},"canonical":"https:\/\/neobrussels.com\/nl\/toegang-groot-publiek\/het-project\/mobiliteit\/","og_locale":"nl_NL","og_type":"article","og_title":"Mobiliteit - NEO","og_description":"De buurt is nu al goed aangesloten op het openbaar vervoer (een metrolijn, 3 tramlijnen van de MIVB en meerdere buslijnen van de MIVB en... Doorgaan","og_url":"https:\/\/neobrussels.com\/nl\/toegang-groot-publiek\/het-project\/mobiliteit\/","og_site_name":"NEO","article_modified_time":"2024-05-16T06:28:15+00:00","twitter_card":"summary_large_image","schema":{"@context":"https:\/\/schema.org","@graph":[{"@type":"WebPage","@id":"https:\/\/neobrussels.com\/nl\/toegang-groot-publiek\/het-project\/mobiliteit\/","url":"https:\/\/neobrussels.com\/nl\/toegang-groot-publiek\/het-project\/mobiliteit\/","name":"Mobiliteit - NEO","isPartOf":{"@id":"https:\/\/neobrussels.com\/nl\/#website"},"datePublished":"2020-08-08T13:31:05+00:00","dateModified":"2024-05-16T06:28:15+00:00","breadcrumb":{"@id":"https:\/\/neobrussels.com\/nl\/toegang-groot-publiek\/het-project\/mobiliteit\/#breadcrumb"},"inLanguage":"nl-NL","potentialAction":[{"@type":"ReadAction","target":["https:\/\/neobrussels.com\/nl\/toegang-groot-publiek\/het-project\/mobiliteit\/"]}]},{"@type":"BreadcrumbList","@id":"https:\/\/neobrussels.com\/nl\/toegang-groot-publiek\/het-project\/mobiliteit\/#breadcrumb","itemListElement":[{"@type":"ListItem","position":1,"name":"Accueil","item":"https:\/\/neobrussels.com\/nl\/"},{"@type":"ListItem","position":2,"name":"Toegang groot publiek","item":"https:\/\/neobrussels.com\/nl\/pour-le-public\/"},{"@type":"ListItem","position":3,"name":"Het project","item":"https:\/\/neobrussels.com\/nl\/pour-le-public\/le-projet\/"},{"@type":"ListItem","position":4,"name":"Mobiliteit"}]},{"@type":"WebSite","@id":"https:\/\/neobrussels.com\/nl\/#website","url":"https:\/\/neobrussels.com\/nl\/","name":"NEO Brussels","description":"D\u00e9veloppement et r\u00e9am\u00e9nagement du plateau du Heysel. Une nouvelle ambition pour Bruxelles.","publisher":{"@id":"https:\/\/neobrussels.com\/nl\/#organization"},"potentialAction":[{"@type":"SearchAction","target":{"@type":"EntryPoint","urlTemplate":"https:\/\/neobrussels.com\/nl\/?s={search_term_string}"},"query-input":{"@type":"PropertyValueSpecification","valueRequired":true,"valueName":"search_term_string"}}],"inLanguage":"nl-NL"},{"@type":"Organization","@id":"https:\/\/neobrussels.com\/nl\/#organization","name":"NEO","url":"https:\/\/neobrussels.com\/nl\/","logo":{"@type":"ImageObject","inLanguage":"nl-NL","@id":"https:\/\/neobrussels.com\/nl\/#\/schema\/logo\/image\/","url":"https:\/\/neobrussels.com\/wp-content\/uploads\/2025\/01\/Sans-titre-2.png","contentUrl":"https:\/\/neobrussels.com\/wp-content\/uploads\/2025\/01\/Sans-titre-2.png","width":186,"height":228,"caption":"NEO"},"image":{"@id":"https:\/\/neobrussels.com\/nl\/#\/schema\/logo\/image\/"},"sameAs":["https:\/\/www.linkedin.com\/company\/103968427\/admin\/dashboard\/"]}]}},"_links":{"self":[{"href":"https:\/\/neobrussels.com\/nl\/wp-json\/wp\/v2\/pages\/601","targetHints":{"allow":["GET"]}}],"collection":[{"href":"https:\/\/neobrussels.com\/nl\/wp-json\/wp\/v2\/pages"}],"about":[{"href":"https:\/\/neobrussels.com\/nl\/wp-json\/wp\/v2\/types\/page"}],"author":[{"embeddable":true,"href":"https:\/\/neobrussels.com\/nl\/wp-json\/wp\/v2\/users\/1"}],"replies":[{"embeddable":true,"href":"https:\/\/neobrussels.com\/nl\/wp-json\/wp\/v2\/comments?post=601"}],"version-history":[{"count":7,"href":"https:\/\/neobrussels.com\/nl\/wp-json\/wp\/v2\/pages\/601\/revisions"}],"predecessor-version":[{"id":2322,"href":"https:\/\/neobrussels.com\/nl\/wp-json\/wp\/v2\/pages\/601\/revisions\/2322"}],"up":[{"embeddable":true,"href":"https:\/\/neobrussels.com\/nl\/wp-json\/wp\/v2\/pages\/594"}],"wp:attachment":[{"href":"https:\/\/neobrussels.com\/nl\/wp-json\/wp\/v2\/media?parent=601"}],"curies":[{"name":"wp","href":"https:\/\/api.w.org\/{rel}","templated":true}]}}

<!-- This site is optimized with the Yoast SEO plugin v24.2 - https://yoast.com/wordpress/plugins/seo/ -->
<title>Mobiliteit - NEO</title>
<meta name="robots" content="index, follow, max-snippet:-1, max-image-preview:large, max-video-preview:-1" />
<link rel="canonical" href="https://neobrussels.com/nl/toegang-groot-publiek/het-project/mobiliteit/" />
<meta property="og:locale" content="nl_NL" />
<meta property="og:type" content="article" />
<meta property="og:title" content="Mobiliteit - NEO" />
<meta property="og:description" content="De buurt is nu al goed aangesloten op het openbaar vervoer (een metrolijn, 3 tramlijnen van de MIVB en meerdere buslijnen van de MIVB en... Doorgaan" />
<meta property="og:url" content="https://neobrussels.com/nl/toegang-groot-publiek/het-project/mobiliteit/" />
<meta property="og:site_name" content="NEO" />
<meta property="article:modified_time" content="2024-05-16T06:28:15+00:00" />
<meta name="twitter:card" content="summary_large_image" />
<script type="application/ld+json" class="yoast-schema-graph">{"@context":"https://schema.org","@graph":[{"@type":"WebPage","@id":"https://neobrussels.com/nl/toegang-groot-publiek/het-project/mobiliteit/","url":"https://neobrussels.com/nl/toegang-groot-publiek/het-project/mobiliteit/","name":"Mobiliteit - NEO","isPartOf":{"@id":"https://neobrussels.com/nl/#website"},"datePublished":"2020-08-08T13:31:05+00:00","dateModified":"2024-05-16T06:28:15+00:00","breadcrumb":{"@id":"https://neobrussels.com/nl/toegang-groot-publiek/het-project/mobiliteit/#breadcrumb"},"inLanguage":"nl-NL","potentialAction":[{"@type":"ReadAction","target":["https://neobrussels.com/nl/toegang-groot-publiek/het-project/mobiliteit/"]}]},{"@type":"BreadcrumbList","@id":"https://neobrussels.com/nl/toegang-groot-publiek/het-project/mobiliteit/#breadcrumb","itemListElement":[{"@type":"ListItem","position":1,"name":"Accueil","item":"https://neobrussels.com/nl/"},{"@type":"ListItem","position":2,"name":"Toegang groot publiek","item":"https://neobrussels.com/nl/pour-le-public/"},{"@type":"ListItem","position":3,"name":"Het project","item":"https://neobrussels.com/nl/pour-le-public/le-projet/"},{"@type":"ListItem","position":4,"name":"Mobiliteit"}]},{"@type":"WebSite","@id":"https://neobrussels.com/nl/#website","url":"https://neobrussels.com/nl/","name":"NEO Brussels","description":"Développement et réaménagement du plateau du Heysel. Une nouvelle ambition pour Bruxelles.","publisher":{"@id":"https://neobrussels.com/nl/#organization"},"potentialAction":[{"@type":"SearchAction","target":{"@type":"EntryPoint","urlTemplate":"https://neobrussels.com/nl/?s={search_term_string}"},"query-input":{"@type":"PropertyValueSpecification","valueRequired":true,"valueName":"search_term_string"}}],"inLanguage":"nl-NL"},{"@type":"Organization","@id":"https://neobrussels.com/nl/#organization","name":"NEO","url":"https://neobrussels.com/nl/","logo":{"@type":"ImageObject","inLanguage":"nl-NL","@id":"https://neobrussels.com/nl/#/schema/logo/image/","url":"https://neobrussels.com/wp-content/uploads/2025/01/Sans-titre-2.png","contentUrl":"https://neobrussels.com/wp-content/uploads/2025/01/Sans-titre-2.png","width":186,"height":228,"caption":"NEO"},"image":{"@id":"https://neobrussels.com/nl/#/schema/logo/image/"},"sameAs":["https://www.linkedin.com/company/103968427/admin/dashboard/"]}]}</script>
<!-- / Yoast SEO plugin. -->

Développement et réaménagement du plateau du Heysel. Une nouvelle ambition pour Bruxelles.
