{"id":597,"date":"2020-08-01T09:16:55","date_gmt":"2020-08-01T07:16:55","guid":{"rendered":"http:\/\/localhost:8888\/neo\/pour-le-public\/le-projet\/espaces-verts\/"},"modified":"2024-05-16T08:33:37","modified_gmt":"2024-05-16T06:33:37","slug":"groene-ruimten","status":"publish","type":"page","link":"https:\/\/neobrussels.com\/nl\/toegang-groot-publiek\/het-project\/groene-ruimten\/","title":{"rendered":"Groene ruimten"},"content":{"rendered":"\r\n<h2 class=\"wp-block-heading\">Een derde deel van de oppervlakte van NEO zal gewijd zijn aan groene ruimten en recreatie. Dit komt de levenskwaliteit sterk ten goede.\u00a0<\/h2>\r\n\r\n\r\n\r\n<p>Op termijn zal NEO 21 hectare groene ruimten omvatten, tegen 15 hectare vandaag. Dat is dus een toename met 40%. De ambitie is om \u201cstedelijkheid en natuur\u201d op harmonieuze wijze te combineren. De te bereiken doelstellingen zijn een intensivering van de groene ruimten, een verbetering van de mobiliteit en dan vooral de zachte mobiliteit, en het gebruik van de parken door de buurtbewoners en bezoekers.\u00a0<\/p>\r\n<p>Het Verregatpark werd ingehuldigd in december 2022<\/p>\r\n","protected":false},"excerpt":{"rendered":"<p>Een derde deel van de oppervlakte van NEO zal gewijd zijn aan groene ruimten en recreatie. Dit komt de levenskwaliteit sterk ten goede.\u00a0 Op termijn&#8230; <a class=\"more\" href=\"https:\/\/neobrussels.com\/nl\/toegang-groot-publiek\/het-project\/groene-ruimten\/\">Doorgaan<\/a><\/p>\n","protected":false},"author":1,"featured_media":0,"parent":594,"menu_order":0,"comment_status":"closed","ping_status":"closed","template":"page-map.php","meta":{"_acf_changed":false,"footnotes":""},"class_list":["post-597","page","type-page","status-publish","hentry"],"acf":[],"yoast_head":"<!-- This site is optimized with the Yoast SEO plugin v24.2 - https:\/\/yoast.com\/wordpress\/plugins\/seo\/ -->\n<title>Groene ruimten - NEO<\/title>\n<meta name=\"robots\" content=\"index, follow, max-snippet:-1, max-image-preview:large, max-video-preview:-1\" \/>\n<link rel=\"canonical\" href=\"https:\/\/neobrussels.com\/nl\/toegang-groot-publiek\/het-project\/groene-ruimten\/\" \/>\n<meta property=\"og:locale\" content=\"nl_NL\" \/>\n<meta property=\"og:type\" content=\"article\" \/>\n<meta property=\"og:title\" content=\"Groene ruimten - NEO\" \/>\n<meta property=\"og:description\" content=\"Een derde deel van de oppervlakte van NEO zal gewijd zijn aan groene ruimten en recreatie. Dit komt de levenskwaliteit sterk ten goede.\u00a0 Op termijn... Doorgaan\" \/>\n<meta property=\"og:url\" content=\"https:\/\/neobrussels.com\/nl\/toegang-groot-publiek\/het-project\/groene-ruimten\/\" \/>\n<meta property=\"og:site_name\" content=\"NEO\" \/>\n<meta property=\"article:modified_time\" content=\"2024-05-16T06:33:37+00:00\" \/>\n<meta name=\"twitter:card\" content=\"summary_large_image\" \/>\n<script type=\"application\/ld+json\" class=\"yoast-schema-graph\">{\"@context\":\"https:\/\/schema.org\",\"@graph\":[{\"@type\":\"WebPage\",\"@id\":\"https:\/\/neobrussels.com\/nl\/toegang-groot-publiek\/het-project\/groene-ruimten\/\",\"url\":\"https:\/\/neobrussels.com\/nl\/toegang-groot-publiek\/het-project\/groene-ruimten\/\",\"name\":\"Groene ruimten - NEO\",\"isPartOf\":{\"@id\":\"https:\/\/neobrussels.com\/nl\/#website\"},\"datePublished\":\"2020-08-01T07:16:55+00:00\",\"dateModified\":\"2024-05-16T06:33:37+00:00\",\"breadcrumb\":{\"@id\":\"https:\/\/neobrussels.com\/nl\/toegang-groot-publiek\/het-project\/groene-ruimten\/#breadcrumb\"},\"inLanguage\":\"nl-NL\",\"potentialAction\":[{\"@type\":\"ReadAction\",\"target\":[\"https:\/\/neobrussels.com\/nl\/toegang-groot-publiek\/het-project\/groene-ruimten\/\"]}]},{\"@type\":\"BreadcrumbList\",\"@id\":\"https:\/\/neobrussels.com\/nl\/toegang-groot-publiek\/het-project\/groene-ruimten\/#breadcrumb\",\"itemListElement\":[{\"@type\":\"ListItem\",\"position\":1,\"name\":\"Accueil\",\"item\":\"https:\/\/neobrussels.com\/nl\/\"},{\"@type\":\"ListItem\",\"position\":2,\"name\":\"Toegang groot publiek\",\"item\":\"https:\/\/neobrussels.com\/nl\/pour-le-public\/\"},{\"@type\":\"ListItem\",\"position\":3,\"name\":\"Het project\",\"item\":\"https:\/\/neobrussels.com\/nl\/pour-le-public\/le-projet\/\"},{\"@type\":\"ListItem\",\"position\":4,\"name\":\"Groene ruimten\"}]},{\"@type\":\"WebSite\",\"@id\":\"https:\/\/neobrussels.com\/nl\/#website\",\"url\":\"https:\/\/neobrussels.com\/nl\/\",\"name\":\"NEO Brussels\",\"description\":\"D\u00e9veloppement et r\u00e9am\u00e9nagement du plateau du Heysel. Une nouvelle ambition pour Bruxelles.\",\"publisher\":{\"@id\":\"https:\/\/neobrussels.com\/nl\/#organization\"},\"potentialAction\":[{\"@type\":\"SearchAction\",\"target\":{\"@type\":\"EntryPoint\",\"urlTemplate\":\"https:\/\/neobrussels.com\/nl\/?s={search_term_string}\"},\"query-input\":{\"@type\":\"PropertyValueSpecification\",\"valueRequired\":true,\"valueName\":\"search_term_string\"}}],\"inLanguage\":\"nl-NL\"},{\"@type\":\"Organization\",\"@id\":\"https:\/\/neobrussels.com\/nl\/#organization\",\"name\":\"NEO\",\"url\":\"https:\/\/neobrussels.com\/nl\/\",\"logo\":{\"@type\":\"ImageObject\",\"inLanguage\":\"nl-NL\",\"@id\":\"https:\/\/neobrussels.com\/nl\/#\/schema\/logo\/image\/\",\"url\":\"https:\/\/neobrussels.com\/wp-content\/uploads\/2025\/01\/Sans-titre-2.png\",\"contentUrl\":\"https:\/\/neobrussels.com\/wp-content\/uploads\/2025\/01\/Sans-titre-2.png\",\"width\":186,\"height\":228,\"caption\":\"NEO\"},\"image\":{\"@id\":\"https:\/\/neobrussels.com\/nl\/#\/schema\/logo\/image\/\"},\"sameAs\":[\"https:\/\/www.linkedin.com\/company\/103968427\/admin\/dashboard\/\"]}]}<\/script>\n<!-- \/ Yoast SEO plugin. -->","yoast_head_json":{"title":"Groene ruimten - NEO","robots":{"index":"index","follow":"follow","max-snippet":"max-snippet:-1","max-image-preview":"max-image-preview:large","max-video-preview":"max-video-preview:-1"},"canonical":"https:\/\/neobrussels.com\/nl\/toegang-groot-publiek\/het-project\/groene-ruimten\/","og_locale":"nl_NL","og_type":"article","og_title":"Groene ruimten - NEO","og_description":"Een derde deel van de oppervlakte van NEO zal gewijd zijn aan groene ruimten en recreatie. Dit komt de levenskwaliteit sterk ten goede.\u00a0 Op termijn... Doorgaan","og_url":"https:\/\/neobrussels.com\/nl\/toegang-groot-publiek\/het-project\/groene-ruimten\/","og_site_name":"NEO","article_modified_time":"2024-05-16T06:33:37+00:00","twitter_card":"summary_large_image","schema":{"@context":"https:\/\/schema.org","@graph":[{"@type":"WebPage","@id":"https:\/\/neobrussels.com\/nl\/toegang-groot-publiek\/het-project\/groene-ruimten\/","url":"https:\/\/neobrussels.com\/nl\/toegang-groot-publiek\/het-project\/groene-ruimten\/","name":"Groene ruimten - NEO","isPartOf":{"@id":"https:\/\/neobrussels.com\/nl\/#website"},"datePublished":"2020-08-01T07:16:55+00:00","dateModified":"2024-05-16T06:33:37+00:00","breadcrumb":{"@id":"https:\/\/neobrussels.com\/nl\/toegang-groot-publiek\/het-project\/groene-ruimten\/#breadcrumb"},"inLanguage":"nl-NL","potentialAction":[{"@type":"ReadAction","target":["https:\/\/neobrussels.com\/nl\/toegang-groot-publiek\/het-project\/groene-ruimten\/"]}]},{"@type":"BreadcrumbList","@id":"https:\/\/neobrussels.com\/nl\/toegang-groot-publiek\/het-project\/groene-ruimten\/#breadcrumb","itemListElement":[{"@type":"ListItem","position":1,"name":"Accueil","item":"https:\/\/neobrussels.com\/nl\/"},{"@type":"ListItem","position":2,"name":"Toegang groot publiek","item":"https:\/\/neobrussels.com\/nl\/pour-le-public\/"},{"@type":"ListItem","position":3,"name":"Het project","item":"https:\/\/neobrussels.com\/nl\/pour-le-public\/le-projet\/"},{"@type":"ListItem","position":4,"name":"Groene ruimten"}]},{"@type":"WebSite","@id":"https:\/\/neobrussels.com\/nl\/#website","url":"https:\/\/neobrussels.com\/nl\/","name":"NEO Brussels","description":"D\u00e9veloppement et r\u00e9am\u00e9nagement du plateau du Heysel. Une nouvelle ambition pour Bruxelles.","publisher":{"@id":"https:\/\/neobrussels.com\/nl\/#organization"},"potentialAction":[{"@type":"SearchAction","target":{"@type":"EntryPoint","urlTemplate":"https:\/\/neobrussels.com\/nl\/?s={search_term_string}"},"query-input":{"@type":"PropertyValueSpecification","valueRequired":true,"valueName":"search_term_string"}}],"inLanguage":"nl-NL"},{"@type":"Organization","@id":"https:\/\/neobrussels.com\/nl\/#organization","name":"NEO","url":"https:\/\/neobrussels.com\/nl\/","logo":{"@type":"ImageObject","inLanguage":"nl-NL","@id":"https:\/\/neobrussels.com\/nl\/#\/schema\/logo\/image\/","url":"https:\/\/neobrussels.com\/wp-content\/uploads\/2025\/01\/Sans-titre-2.png","contentUrl":"https:\/\/neobrussels.com\/wp-content\/uploads\/2025\/01\/Sans-titre-2.png","width":186,"height":228,"caption":"NEO"},"image":{"@id":"https:\/\/neobrussels.com\/nl\/#\/schema\/logo\/image\/"},"sameAs":["https:\/\/www.linkedin.com\/company\/103968427\/admin\/dashboard\/"]}]}},"_links":{"self":[{"href":"https:\/\/neobrussels.com\/nl\/wp-json\/wp\/v2\/pages\/597","targetHints":{"allow":["GET"]}}],"collection":[{"href":"https:\/\/neobrussels.com\/nl\/wp-json\/wp\/v2\/pages"}],"about":[{"href":"https:\/\/neobrussels.com\/nl\/wp-json\/wp\/v2\/types\/page"}],"author":[{"embeddable":true,"href":"https:\/\/neobrussels.com\/nl\/wp-json\/wp\/v2\/users\/1"}],"replies":[{"embeddable":true,"href":"https:\/\/neobrussels.com\/nl\/wp-json\/wp\/v2\/comments?post=597"}],"version-history":[{"count":10,"href":"https:\/\/neobrussels.com\/nl\/wp-json\/wp\/v2\/pages\/597\/revisions"}],"predecessor-version":[{"id":2325,"href":"https:\/\/neobrussels.com\/nl\/wp-json\/wp\/v2\/pages\/597\/revisions\/2325"}],"up":[{"embeddable":true,"href":"https:\/\/neobrussels.com\/nl\/wp-json\/wp\/v2\/pages\/594"}],"wp:attachment":[{"href":"https:\/\/neobrussels.com\/nl\/wp-json\/wp\/v2\/media?parent=597"}],"curies":[{"name":"wp","href":"https:\/\/api.w.org\/{rel}","templated":true}]}}

<!-- This site is optimized with the Yoast SEO plugin v24.2 - https://yoast.com/wordpress/plugins/seo/ -->
<title>Groene ruimten - NEO</title>
<meta name="robots" content="index, follow, max-snippet:-1, max-image-preview:large, max-video-preview:-1" />
<link rel="canonical" href="https://neobrussels.com/nl/toegang-groot-publiek/het-project/groene-ruimten/" />
<meta property="og:locale" content="nl_NL" />
<meta property="og:type" content="article" />
<meta property="og:title" content="Groene ruimten - NEO" />
<meta property="og:description" content="Een derde deel van de oppervlakte van NEO zal gewijd zijn aan groene ruimten en recreatie. Dit komt de levenskwaliteit sterk ten goede.  Op termijn... Doorgaan" />
<meta property="og:url" content="https://neobrussels.com/nl/toegang-groot-publiek/het-project/groene-ruimten/" />
<meta property="og:site_name" content="NEO" />
<meta property="article:modified_time" content="2024-05-16T06:33:37+00:00" />
<meta name="twitter:card" content="summary_large_image" />
<script type="application/ld+json" class="yoast-schema-graph">{"@context":"https://schema.org","@graph":[{"@type":"WebPage","@id":"https://neobrussels.com/nl/toegang-groot-publiek/het-project/groene-ruimten/","url":"https://neobrussels.com/nl/toegang-groot-publiek/het-project/groene-ruimten/","name":"Groene ruimten - NEO","isPartOf":{"@id":"https://neobrussels.com/nl/#website"},"datePublished":"2020-08-01T07:16:55+00:00","dateModified":"2024-05-16T06:33:37+00:00","breadcrumb":{"@id":"https://neobrussels.com/nl/toegang-groot-publiek/het-project/groene-ruimten/#breadcrumb"},"inLanguage":"nl-NL","potentialAction":[{"@type":"ReadAction","target":["https://neobrussels.com/nl/toegang-groot-publiek/het-project/groene-ruimten/"]}]},{"@type":"BreadcrumbList","@id":"https://neobrussels.com/nl/toegang-groot-publiek/het-project/groene-ruimten/#breadcrumb","itemListElement":[{"@type":"ListItem","position":1,"name":"Accueil","item":"https://neobrussels.com/nl/"},{"@type":"ListItem","position":2,"name":"Toegang groot publiek","item":"https://neobrussels.com/nl/pour-le-public/"},{"@type":"ListItem","position":3,"name":"Het project","item":"https://neobrussels.com/nl/pour-le-public/le-projet/"},{"@type":"ListItem","position":4,"name":"Groene ruimten"}]},{"@type":"WebSite","@id":"https://neobrussels.com/nl/#website","url":"https://neobrussels.com/nl/","name":"NEO Brussels","description":"Développement et réaménagement du plateau du Heysel. Une nouvelle ambition pour Bruxelles.","publisher":{"@id":"https://neobrussels.com/nl/#organization"},"potentialAction":[{"@type":"SearchAction","target":{"@type":"EntryPoint","urlTemplate":"https://neobrussels.com/nl/?s={search_term_string}"},"query-input":{"@type":"PropertyValueSpecification","valueRequired":true,"valueName":"search_term_string"}}],"inLanguage":"nl-NL"},{"@type":"Organization","@id":"https://neobrussels.com/nl/#organization","name":"NEO","url":"https://neobrussels.com/nl/","logo":{"@type":"ImageObject","inLanguage":"nl-NL","@id":"https://neobrussels.com/nl/#/schema/logo/image/","url":"https://neobrussels.com/wp-content/uploads/2025/01/Sans-titre-2.png","contentUrl":"https://neobrussels.com/wp-content/uploads/2025/01/Sans-titre-2.png","width":186,"height":228,"caption":"NEO"},"image":{"@id":"https://neobrussels.com/nl/#/schema/logo/image/"},"sameAs":["https://www.linkedin.com/company/103968427/admin/dashboard/"]}]}</script>
<!-- / Yoast SEO plugin. -->

Développement et réaménagement du plateau du Heysel. Une nouvelle ambition pour Bruxelles.
